the units digit of 393780087?
7
What is the tens digit of 120842982?
8
What is the thousands digit of 17639002?
9
What is the thousands digit of 1566949877?
9
What is the thousands digit of 407521162?
1
What is the thousands digit of 2218532143?
2
What is the ten millions digit of 1417062752?
1
What is the hundred thousands digit of 1577837780?
8
What is the hundreds digit of 114549897?
8
What is the tens digit of 21989721?
2
What is the hundreds digit of 848503694?
6
What is the hundred thousands digit of 2355942225?
9
What is the units digit of 373158784?
4
What is the units digit of 240305?
5
What is the hundreds digit of 48359482?
4
What is the hundreds digit of 1155279643?
6
What is the hundreds digit of 1775929306?
3
What is the thousands digit of 717572814?
2
What is the billions digit of 2006933506?
2
What is the hundred millions digit of 496792956?
4
What is the units digit of 4737833918?
8
What is the units digit of 782909629?
9
What is the millions digit of 965574039?
5
What is the hundred thousands digit of 817239539?
2
What is the ten millions digit of 4154100904?
5
What is the tens digit of 7864781?
8
What is the billions digit of 1057279086?
1
What is the units digit of 656888632?
2
What is the units digit of 287812520?
0
What is the ten thousands digit of 14187924?
8
What is the tens digit of 4053402059?
5
What is the millions digit of 38554101?
8
What is the tens digit of 7761154638?
3
What is the units digit of 32533689?
9
What is the millions digit of 26426088?
6
What is the units digit of 73576?
6
What is the ten millions digit of 242019394?
4
What is the hundred millions digit of 2387112465?
3
What is the thousands digit of 36578164?
8
What is the thousands digit of 49005173?
5
What is the hundred thousands digit of 251669169?
6
What is the hundreds digit of 3529211190?
1
What is the billions digit of 1116661184?
1
What is the thousands digit of 1324837421?
7
What is the ten millions digit of 234757214?
3
What is the hundreds digit of 222580434?
4
What is the hundred millions digit of 104240126?
1
What is the tens digit of 510916333?
3
What is the thousands digit of 140184572?
4
What is the hundred millions digit of 3663988167?
6
What is the hundreds digit of 57682306?
3
What is the millions digit of 816642895?
6
What is the hundred millions digit of 4705511620?
7
What is the hundred millions digit of 4319645206?
3
What is the ten millions digit of 31783910?
3
What is the ten thousands digit of 378594252?
9
What is the tens digit of 50816582?
8
What is the hundred millions digit of 507838147?
5
What is the tens digit of 29407562?
6
What is the hundred thousands digit of 408179636?
1
What is the hundred millions digit of 193118250?
1
What is the units digit of 75404215?
5
What is the millions digit of 647183003?
7
What is the ten thousands digit of 69460331?
6
What is the units digit of 148102937?
7
What is the units digit of 119887158?
8
What is the millions digit of 142786233?
2
What is the tens digit of 1664135373?
7
What is the hundred millions digit of 220072549?
2
What is the units digit of 5438164872?
2
What is the thousands digit of 404115222?
5
What is the millions digit of 43724121?
3
What is the hundred millions digit of 385973177?
3
What is the thousands digit of 125248755?
8
What is the millions digit of 858933442?
8
What is the hundred millions digit of 351423258?
3
What is the hundred millions digit of 131637032?
1
What is the millions digit of 615681642?
5
What is the hundreds digit of 291890671?
6
What is the millions digit of 36822936?
6
What is the hundreds digit of 3338640?
6
What is the ten thousands digit of 205709588?
0
What is the ten thousands digit of 154449317?
4
What is the hundred thousands digit of 136608633?
6
What is the ten thousands digit of 146999970?
9
What is the units digit of 35411134?
4
What is the hundred thousands digit of 865335295?
3
What is the thousands digit of 2680847225?
7
What is the millions digit of 383825281?
3
What is the ten millions digit of 28650310?
2
What is the ten thousands digit of 74928473?
2
What is the units digit of 4299574670?
0
What is the millions digit of 69992623?
9
What is the millions digit of 451116850?
1
What is the ten thousands digit of 10742770?
4
What is the millions digit of 65011154?
5
What is the thousands digit of 110651498?
1
What is the hundred thousands digit of 162827514?
8
What is the millions digit of 831603854?
1
What is the thousands digit of 16078110?
8
What is the units digit of 813424703?
3
What is the ten thousands digit of 75552422?
5
What is the billions digit of 3266878513?
3
What is the hundred thousands digit of 2370998102?
9
What is the hundred thousands digit of 840778211?
7
What is the hundred thousands digit of 124788455?
7
What is the ten thousands digit of 72688925?
8
What is the units digit of 20726124?
4
What is the units digit of 17895231?
1
What is the ten thousands digit of 1671138712?
3
What is the hundreds digit of 31697652?
6
What is the tens digit of 209263183?
8
What is the units digit of 73365352?
2
What is the tens digit of 298823995?
9
What is the hundred thousands digit of 48243553?
2
What is the ten millions digit of 670538171?
7
What is the thousands digit of 378383987?
3
What is the units digit of 321766860?
0
What is the ten thousands digit of 145287520?
8
What is the hundred millions digit of 2289262649?
2
What is the hundred thousands digit of 415435914?
4
What is the hundreds digit of 5089601206?
2
What is the units digit of 6739436?
6
What is the hundred thousands digit of 3144777?
1
What is the thousands digit of 800129175?
9
What is the ten thousands digit of 549548762?
4
What is the millions digit of 1341806853?
1
What is the units digit of 235899937?
7
What is the hundreds digit of 110985557?
5
What is the hundred thousands digit of 1238194713?
1
What is the ten thousands digit of 1574954?
7
What is the millions digit of 313732535?
3
What is the thousands digit of 62767524?
7
What is the ten thousands digit of 1075047635?
4
What is the billions digit of 1394864384?
1
What is the thousands digit of 377453600?
3
What is the millions digit of 176651502?
6
What is the millions digit of 2654177633?
4
What is the thousands digit of 385422224?
2
What is the ten thousands digit of 5554227351?
2
What is the hundred thousands digit of 614684789?
6
What is the tens digit of 139156133?
3
What is the ten thousands digit of 1540326933?
2
What is the millions digit of 260104445?
0
What is the hundred millions digit of 1541171424?
5
What is the tens digit of 357123002?
0
What is the hundreds digit of 5296692176?
1
What is the hundreds digit of 71564662?
6
What is the millions digit of 259824455?
9
What is the units digit of 2099222195?
5
What is the thousands digit of 539861232?
1
What is the units digit of 64092735?
5
What is the tens digit of 43680039?
3
What is the tens digit of 1209524276?
7
What is the tens digit of 1589626213?
1
What is the thousands digit of 437631421?
1
What is the hundreds digit of 47199091?
0
What is the ten thousands digit of 329281425?
8
What is the thousands digit of 59485263?
5
What is the ten millions digit of 460158669?
6
What is the millions digit of 46685936?
6
What is the hundreds digit of 6204670562?
5
What is the ten thousands digit of 53171721?
7
What is the hundred millions digit of 2810878439?
8
What is the ten thousands digit of 40229085?
2
What is the units digit of 1075328710?
0
What is the thousands digit of 5174484314?
4
What is the thousands digit of 36611810?
1
What is the hundreds digit of 79446489?
4
What is the thousands digit of 203864429?
4
What is the ten millions digit of 121982509?
2
What is the ten thousands digit of 67853612?
5
What is the hundred millions digit of 147091762?
1
What is the units digit of 11095173?
3
What is the thousands digit of 238652253?
2
What is the hundred thousands digit of 68366203?
3
What is the hundreds digit of 54276428?
4
What is the hundred thousands digit of 71615222?
6
What is the ten millions digit of 50218117?
5
What is the thousands digit of 10834156?
4
What is the units digit of 2799731449?
9
What is the thousands digit of 38405680?
5
What is the hundred thousands digit of 83724685?
7
What is the hundred thousand